{"id":19711,"date":"2024-09-16T05:55:39","date_gmt":"2024-09-16T05:55:39","guid":{"rendered":"https:\/\/kirchenburgen.org\/?page_id=19711"},"modified":"2024-09-16T05:55:39","modified_gmt":"2024-09-16T05:55:39","slug":"expozitia-bisericilor-fortificate-ajunge-in-elvetia","status":"publish","type":"page","link":"https:\/\/kirchenburgen.org\/ro\/expozitia-bisericilor-fortificate-ajunge-in-elvetia\/","title":{"rendered":"Expozi\u021bia bisericilor fortificate ajunge \u00een Elve\u021bia"},"content":{"rendered":"<p><strong>Expozi\u021bia itinerant\u0103 a Funda\u021biei Biserici Fortificate va fi prezentat\u0103 \u00een aceast\u0103 toamn\u0103 \u00een dou\u0103 loca\u021bii din Elve\u021bia. Ini\u021biativa a apar\u021binut Mariannei Hallmen, pre\u0219edinta Asocia\u021biei Sa\u0219ilor Transilv\u0103neni din Elve\u021bia, iar ocazia este aniversarea a zece ani de la \u00eenfiin\u021barea asocia\u021biei.<\/strong><\/p>\n<p><a href=\"http:\/\/www.verein-siebenbuergen-schweiz.ch\"><u>Asocia\u021bia sa\u0219ilor transilv\u0103neni din Elve\u021bia<\/u><\/a>\u00a0 a fost \u00eenfiin\u021bat\u0103 \u00een 2015 la ini\u021biativa Mariannei Hallmen \u0219i a unui num\u0103r de sus\u021bin\u0103tori. Asocia\u021bia se implic\u0103 \u00een salvarea, \u00eentre\u021binerea \u0219i utilizarea durabil\u0103 a patrimoniului cultural al sa\u0219ilor transilv\u0103neni din Rom\u00e2nia \u0219i lucreaz\u0103 \u00eentr-o re\u021bea dens\u0103 cu numero\u0219i parteneri. Asocia\u021bia este, de asemenea, membr\u0103 a organiza\u021biei umbrel\u0103 Siebenb\u00fcrgisch-S\u00e4chsischer Kulturrat de mai mul\u021bi ani.<\/p>\n<p>Mai multe evenimente festive sunt planificate \u00een acest an pentru a marca cea de-a zecea aniversare a \u00eenfiin\u021b\u0103rii organiza\u021biei. Printre acestea se num\u0103r\u0103 prezentarea expozi\u021biei itinerante despre peisajul bisericilor fortificate. Aceasta va fi prezentat\u0103 la sediul asocia\u021biei din Einsiedeln (cantonul Schwyz) \u00een <a href=\"http:\/\/www.fram-einsiedeln.ch\/museum\"><u>Muzeul FRAM<\/u> <\/a>\u00a0\u00een perioada 12-27 octombrie 2024. <u>Deschiderea oficial\u0103<\/u> va avea loc la 12 octombrie, de la ora 19:00. Ulterior, expozi\u021bia poate fi vizitat\u0103 la urm\u0103toarele ore<\/p>\n<p>miercuri &#8211; vineri: 14.00 &#8211; 18.00<\/p>\n<p>s\u00e2mb\u0103t\u0103 &#8211; duminic\u0103: 11.00 &#8211; 18.00<\/p>\n<p>Expozi\u021bia va fi prezentat\u0103 \u00een prealabil la Zurich. \u00cen perioada 26 septembrie &#8211; 9 octombrie 2024, ea poate fi vizitat\u0103 zilnic \u00eentre orele 09.00 &#8211; 17.00 la azilul de b\u0103tr\u00e2ni din Hottingen (Freiestrasse 71).<\/p>\n<p>&nbsp;<\/p>\n<p><a href=\"https:\/\/kirchenburgen.org\/wp-content\/uploads\/2024\/09\/Flyer-1024x494.jpg\"><img loading=\"lazy\" decoding=\"async\" class=\"alignleft size-large wp-image-19706\" src=\"https:\/\/kirchenburgen.org\/wp-content\/uploads\/2024\/09\/Flyer-1024x494.jpg\" alt=\"\" width=\"1024\" height=\"494\" srcset=\"https:\/\/kirchenburgen.org\/wp-content\/uploads\/2024\/09\/Flyer-1024x494.jpg 1024w, https:\/\/kirchenburgen.org\/wp-content\/uploads\/2024\/09\/Flyer-300x145.jpg 300w, https:\/\/kirchenburgen.org\/wp-content\/uploads\/2024\/09\/Flyer.jpg 1426w\" sizes=\"auto, (max-width: 1024px) 100vw, 1024px\" \/><\/a><\/p>\n","protected":false},"excerpt":{"rendered":"<p>Expozi\u021bia itinerant\u0103 a Funda\u021biei Biserici Fortificate va fi prezentat\u0103 \u00een aceast\u0103 toamn\u0103 \u00een dou\u0103 loca\u021bii din Elve\u021bia. Ini\u021biativa a apar\u021binut Mariannei Hallmen, pre\u0219edinta Asocia\u021biei Sa\u0219ilor Transilv\u0103neni din Elve\u021bia, iar ocazia este aniversarea a zece ani de la \u00eenfiin\u021barea asocia\u021biei. Asocia\u021bia sa\u0219ilor transilv\u0103neni din Elve\u021bia\u00a0 a fost \u00eenfiin\u021bat\u0103 \u00een 2015 la ini\u021biativa Mariannei Hallmen \u0219i a [&hellip;]<\/p>\n","protected":false},"author":5,"featured_media":19742,"parent":0,"menu_order":0,"comment_status":"closed","ping_status":"closed","template":"","meta":{"_acf_changed":false,"footnotes":""},"class_list":["post-19711","page","type-page","status-publish","has-post-thumbnail","czr-hentry"],"acf":[],"_links":{"self":[{"href":"https:\/\/kirchenburgen.org\/ro\/wp-json\/wp\/v2\/pages\/19711","targetHints":{"allow":["GET"]}}],"collection":[{"href":"https:\/\/kirchenburgen.org\/ro\/wp-json\/wp\/v2\/pages"}],"about":[{"href":"https:\/\/kirchenburgen.org\/ro\/wp-json\/wp\/v2\/types\/page"}],"author":[{"embeddable":true,"href":"https:\/\/kirchenburgen.org\/ro\/wp-json\/wp\/v2\/users\/5"}],"replies":[{"embeddable":true,"href":"https:\/\/kirchenburgen.org\/ro\/wp-json\/wp\/v2\/comments?post=19711"}],"version-history":[{"count":1,"href":"https:\/\/kirchenburgen.org\/ro\/wp-json\/wp\/v2\/pages\/19711\/revisions"}],"predecessor-version":[{"id":19712,"href":"https:\/\/kirchenburgen.org\/ro\/wp-json\/wp\/v2\/pages\/19711\/revisions\/19712"}],"wp:featuredmedia":[{"embeddable":true,"href":"https:\/\/kirchenburgen.org\/ro\/wp-json\/wp\/v2\/media\/19742"}],"wp:attachment":[{"href":"https:\/\/kirchenburgen.org\/ro\/wp-json\/wp\/v2\/media?parent=19711"}],"curies":[{"name":"wp","href":"https:\/\/api.w.org\/{rel}","templated":true}]}}

Expoziția bisericilor fortificate ajunge în Elveția

<p><strong>Expoziția itinerantă a Fundației Biserici Fortificate va fi prezentată în această toamnă în două locații din Elveția. Inițiativa a aparținut Mariannei Hallmen, președinta Asociației Sașilor Transilvăneni din Elveția, iar ocazia este aniversarea a zece ani de la înființarea asociației.</strong></p>
<p><a href="http://www.verein-siebenbuergen-schweiz.ch"><u>Asociația sașilor transilvăneni din Elveția</u></a>  a fost înființată în 2015 la inițiativa Mariannei Hallmen și a unui număr de susținători. Asociația se implică în salvarea, întreținerea și utilizarea durabilă a patrimoniului cultural al sașilor transilvăneni din România și lucrează într-o rețea densă cu numeroși parteneri. Asociația este, de asemenea, membră a organizației umbrelă Siebenbürgisch-Sächsischer Kulturrat de mai mulți ani.</p>
<p>Mai multe evenimente festive sunt planificate în acest an pentru a marca cea de-a zecea aniversare a înființării organizației. Printre acestea se numără prezentarea expoziției itinerante despre peisajul bisericilor fortificate. Aceasta va fi prezentată la sediul asociației din Einsiedeln (cantonul Schwyz) în <a href="http://www.fram-einsiedeln.ch/museum"><u>Muzeul FRAM</u> </a> în perioada 12-27 octombrie 2024. <u>Deschiderea oficială</u> va avea loc la 12 octombrie, de la ora 19:00. Ulterior, expoziția poate fi vizitată la următoarele ore</p>
<p>miercuri &#8211; vineri: 14.00 &#8211; 18.00</p>
<p>sâmbătă &#8211; duminică: 11.00 &#8211; 18.00</p>
<p>Expoziția va fi prezentată în prealabil la Zurich. În perioada 26 septembrie &#8211; 9 octombrie 2024, ea poate fi vizitată zilnic între orele 09.00 &#8211; 17.00 la azilul de bătrâni din Hottingen (Freiestrasse 71).</p>
<p>&nbsp;</p>
<p><a href="https://kirchenburgen.org/wp-content/uploads/2024/09/Flyer-1024x494.jpg"><img loading="lazy" decoding="async" class="alignleft size-large wp-image-19706" src="https://kirchenburgen.org/wp-content/uploads/2024/09/Flyer-1024x494.jpg" alt="" width="1024" height="494" srcset="https://kirchenburgen.org/wp-content/uploads/2024/09/Flyer-1024x494.jpg 1024w, https://kirchenburgen.org/wp-content/uploads/2024/09/Flyer-300x145.jpg 300w, https://kirchenburgen.org/wp-content/uploads/2024/09/Flyer.jpg 1426w" sizes="auto, (max-width: 1024px) 100vw, 1024px" /></a></p>

<p>Expoziția itinerantă a Fundației Biserici Fortificate va fi prezentată în această toamnă în două locații din Elveția. Inițiativa a aparținut Mariannei Hallmen, președinta Asociației Sașilor Transilvăneni din Elveția, iar ocazia este aniversarea a zece ani de la înființarea asociației. Asociația sașilor transilvăneni din Elveția  a fost înființată în 2015 la inițiativa Mariannei Hallmen și a [&hellip;]</p>
